2 (base 5) in base 10?
27
Convert -13 (base 5) to base 7.
-11
1 (base 12) to base 15
1
-14 (base 7) to base 12
-b
-33 (base 12) to base 2
-100111
What is 11 (base 3) in base 12?
4
13 (base 8) to base 6
15
What is 7 (base 13) in base 9?
7
-2 (base 14) to base 15
-2
What is -13 (base 7) in base 5?
-20
Convert -3 (base 8) to base 9.
-3
-48 (base 14) to base 4
-1000
Convert 55 (base 15) to base 12.
68
Convert 11001110 (base 2) to base 3.
21122
What is 10 (base 11) in base 10?
11
What is -101 (base 3) in base 4?
-22
Convert -2 (base 12) to base 7.
-2
Convert 9 (base 15) to base 9.
10
-5 (base 14) to base 8
-5
-109 (base 12) to base 11
-12a
Convert -30 (base 6) to base 11.
-17
What is 2113 (base 4) in base 11?
128
Convert 60 (base 10) to base 16.
3c
What is -a7 (base 16) in base 9?
-205
Convert 133 (base 13) to base 11.
182
What is 1021 (base 3) in base 12?
2a
17 (base 14) to base 13
18
What is -2 (base 14) in base 8?
-2
-3 (base 16) to base 7
-3
What is -110 (base 2) in base 4?
-12
Convert -27 (base 9) to base 11.
-23
Convert -33 (base 10) to base 4.
-201
-4 (base 12) to base 5
-4
What is -1010 (base 2) in base 4?
-22
Convert -139 (base 11) to base 5.
-1123
What is 19 (base 16) in base 14?
1b
Convert -73 (base 9) to base 11.
-60
Convert 2 (base 16) to base 15.
2
What is -307 (base 8) in base 16?
-c7
What is 1c (base 16) in base 6?
44
Convert -13 (base 6) to base 5.
-14
What is 4 (base 6) in base 11?
4
What is -24 (base 11) in base 14?
-1c
24 (base 13) to base 4
132
-11200 (base 3) to base 6
-330
-1 (base 14) to base 15
-1
What is -b0 (base 14) in base 4?
-2122
What is -11222 (base 3) in base 11?
-112
0 (base 8) to base 13
0
4 (base 10) to base 5
4
What is 23 (base 7) in base 13?
14
What is -5 (base 10) in base 4?
-11
What is 82 (base 10) in base 5?
312
What is 24 (base 11) in base 13?
20
What is 9 (base 14) in base 16?
9
-3 (base 13) to base 7
-3
What is 111 (base 2) in base 8?
7
What is -130 (base 4) in base 10?
-28
3 (base 8) to base 4
3
What is -42 (base 14) in base 2?
-111010
3 (base 11) to base 8
3
Convert 0 (base 11) to base 7.
0
59 (base 12) to base 15
49
Convert -147 (base 11) to base 13.
-103
What is 5 (base 8) in base 9?
5
Convert 11211 (base 3) to base 14.
94
What is -4 (base 5) in base 12?
-4
Convert 10221 (base 3) to base 5.
411
1100 (base 3) to base 13
2a
What is -42 (base 7) in base 12?
-26
-22 (base 3) to base 16
-8
5 (base 11) to base 16
5
What is -17 (base 15) in base 11?
-20
-10100 (base 2) to base 15
-15
What is c (base 14) in base 15?
c
What is -1d (base 15) in base 13?
-22
31 (base 5) to base 6
24
What is 11 (base 4) in base 11?
5
-2 (base 5) to base 10
-2
-78 (base 15) to base 14
-81
Convert 3 (base 11) to base 16.
3
What is -24 (base 8) in base 14?
-16
What is 11001 (base 2) in base 8?
31
-21 (base 12) to base 3
-221
Convert 11 (base 6) to base 14.
7
What is -8 (base 10) in base 2?
-1000
Convert -13 (base 8) to base 11.
-10
3 (base 8) to base 10
3
What is -51 (base 14) in base 13?
-56
-25 (base 15) to base 5
-120
What is 0 (base 2) in base 8?
0
What is 48 (base 13) in base 5?
220
Convert -17 (base 10) to base 16.
-11
Convert 28 (base 9) to base 14.
1c
What is 5 (base 12) in base 14?
5
What is -3 (base 16) in base 10?
-3
Convert 12 (base 10) to base 6.
20
What is -a (base 15) in base 16?
-a
What is -111 (base 4) in base 7?
-30
What is 10000 (base 2) in base 5?
31
What is -43 (base 14) in base 16?
-3b
20 (base 11) to base 9
24
1 (base 11) to base 3
1
What is -1010 (base 3) in base 15?
-20
What is -11 (base 10) in base 6?
-15
What is b (base 15) in base 16?
b
What is 2 (base 5) in base 10?
2
Convert -9 (base 15) to base 7.
-12
What is cb (base 14) in base 2?
10110011
-10000 (base 2) to base 5
-31
-100 (base 7) to base 3
-1211
-10 (base 4) to base 9
-4
What is -11 (base 7) in base 15?
-8
What is -36 (base 12) in base 16?
-2a
2 (base 6) to base 7
2
-134 (base 6) to base 13
-46
Convert 1 (base 7) to base 5.
1
0 (base 7) to base 14
0
What is -1c (base 15) in base 2?
-11011
What is 21 (base 7) in base 16?
f
82 (base 12) to base 14
70
What is -12020 (base 3) in base 13?
-ab
Convert 4a (base 16) to base 5.
244
-37 (base 11) to base 14
-2c
What is 10 (base 5) in base 16?
5
Convert -1 (base 12) to base 4.
-1
What is 8a (base 15) in base 6?
334
What is 3 (base 8) in base 7?
3
Convert 0 (base 15) to base 2.
0
What is 4 (base 9) in base 11?
4
-2 (base 8) to base 7
-2
Convert 1e (base 16) to base 9.
33
Convert 6 (base 11) to base 9.
6
Convert -121 (base 5) to base 4.
-210
-15 (base 8) to base 11
-12
21201 (base 3) to base 13
130
-1020 (base 4) to base 10
-72
-23 (base 11) to base 8
-31
What is -247 (base 12) in base 11?
-292
16 (base 8) to base 6
22
-1 (base 13) to base 10
-1
What is -11 (base 8) in base 9?
-10
0 (base 11) to base 3
0
What is 3 (base 7) in base 6?
3
What is 110012 (base 3) in base 7?
650
Convert -52 (base 6) to base 8.
-40
Convert -2 (base 16) to base 14.
-2
Convert 0 (base 16) to base 12.
0
Convert -101 (base 2) to base 13.
-5
-142 (base 7) to base 10
-79
What is 28 (base 12) in base 14?
24
-1010 (base 2) to base 4
-22
Convert -3 (base 15) to base 8.
-3
Convert 10 (base 5) to base 14.
5
What is 10220 (base 3) in base 16?
69
3 (base 4) to base 3
10
Convert -24 (base 8) to base 14.
-16
What is 11 (base 5) in base 10?
6
120 (base 5) to base 15
25
Convert 34 (base 10) to base 7.
46
Convert 15 (base 16) to base 6.
33
What is 4 (base 11) in base 15?
4
What is b0 (base 14) in base 13?
bb
-61 (base 13) to base 14
-59
Convert 215 (base 7) to base 11.
a0
What is 43 (base 7) in base 6?
51
What is 1 (base 16) in base 6?
1
Convert 5 (base 6) to base 13.
5
What is 1b4 (base 12) in base 5?
2110
Convert 1 (base 14) to base 10.
1
What is -6d (base 14) in base 11?
-89
What is -b (base 14) in base 9?
-12
Convert 3 (base 12) to base 7.
3
What is 111101 (base 3) in base 6?
1401
9b (base 13) to base 16
80
2101 (base 3) to base 4
1000
What is 1011 (base 2) in base 8?
13
What is 110 (base 6) in base 7?
60
6 (base 7) to base 16
6
Convert 6 (base 11) to base 7.
6
What is -12 (base 5) in base 13?
-7
13 (base 10) to base 9
14
35 (base 13) to base 10
44
What is 12 (base 11) in base 16?
d
Convert 10 (base 16) to base 10.
16
Convert 164 (base 7) to base 10.
95
-110112 (base 3) to base 14
-1a2
What is 96 (base 16) in base 4?
2112
What is -12 (base 13) in base 3?
-120
-394 (base 10) to base 12
-28a
0 (base 3) to base 8
0
What is 100 (base 5) in base 11?
23
Convert 42 (base 10) to base 8.
52
17 (base 15) to base 14
18
31 (base 4) to base 16
d
Convert -5 (base 8) to base 11.
-5
What is 1 (base 3) in base 11?
1
What is -6 (base 15) in base 6?
-10
Convert 11 (base 15) to base 13.
13
Convert -33 (base 5) to base 2.
-10010
Convert -2 (base 15) to base 14.
-2
55 (base 6) to base 9
38
-a (base 12) to base 2
-1010
Convert 8 (base 11) to base 8.
10
1 (base 16) to base 12
1
Convert -86 (base 13) to base 3.
-11002
What is 2 (base 6) in base 3?
2
-92 (base 10) to base 7
-161
443 (base 5) to base 11
102
What is 16 (base 9) in base 10?
15
What is 2 (base 16) in base 15?
2
Convert -203 (base 4) to base 6.
-55
What is 19 (base 11) in base 14?
16
Convert -10 (base 9) to base 6.
-13
1 (base 12) to base 2
1
Convert 83 (base 9) to base 10.
75
What is -3a (base 11) in base 4?
-223
What is 62 (base 11) in base 2?
1000100
Convert 17 (base 16) to base 7.
32
What is -2a (base 13) in base 6?
-100
15 (base 12) to base 15
12
What is 0 (base 16) in base 11?
0
What is 2 (base 12) in base 3?
2
30 (base 4) to base 14
c
What is 1d (base 14) in base 7?
36
What is -6 (base 16) in base 6?
-10
Convert -6 (base 7) to base 11.
-6
313 (base 6) to base 11
a7
What is 11 (base 2) in base 16?
3
Convert 57 (base 11) to base 2.
111110
What is -2 (base 4) in base 5?
-2
Convert -26 (base 15) to base 8.
-44
What is -46 (base 7) in base 10?
-34
What is 3 (base 4) in base 9?
3
3 (base 5) to base 14
3
What is -101 (base 2) in base 16?
-5
What is c6 (base 14) in base 16?
ae
Convert -10 (base 6) to base 12.
-6
-404 (base 6) to base 5
-1043
-2 (base 4) to base 8
-2
What is -110000 (base 2) in base 6?
-120
0 (base 6) to base 11
0
Convert 6 (base 15) to base 3.
20
-6 (base 16) to base 15
-6
Convert 20120 (base 3) to base 12.
129
Convert 16 (base 12) to base 14.
14
2 (base 10) to base 11
2
Convert 4 (base 15